when 226 is divided by 35?
16
Calculate the remainder when 1911 is divided by 33.
30
Calculate the remainder when 804 is divided by 31.
29
What is the remainder when 54 is divided by 51?
3
Calculate the remainder when 87 is divided by 11.
10
What is the remainder when 460 is divided by 32?
12
Calculate the remainder when 211 is divided by 60.
31
Calculate the remainder when 241 is divided by 73.
22
Calculate the remainder when 4505 is divided by 451.
446
Calculate the remainder when 235 is divided by 32.
11
What is the remainder when 2230 is divided by 18?
16
Calculate the remainder when 4101 is divided by 51.
21
Calculate the remainder when 482 is divided by 27.
23
What is the remainder when 233 is divided by 52?
25
Calculate the remainder when 74 is divided by 18.
2
Calculate the remainder when 11611 is divided by 5799.
13
Calculate the remainder when 247 is divided by 64.
55
What is the remainder when 85 is divided by 22?
19
Calculate the remainder when 1869 is divided by 102.
33
What is the remainder when 298 is divided by 46?
22
What is the remainder when 578 is divided by 192?
2
What is the remainder when 62 is divided by 21?
20
Calculate the remainder when 51 is divided by 19.
13
Calculate the remainder when 161 is divided by 27.
26
Calculate the remainder when 103 is divided by 13.
12
What is the remainder when 852 is divided by 57?
54
Calculate the remainder when 700 is divided by 238.
224
Calculate the remainder when 171 is divided by 77.
17
Calculate the remainder when 10398 is divided by 52.
50
What is the remainder when 279 is divided by 158?
121
What is the remainder when 2160 is divided by 215?
10
What is the remainder when 1285 is divided by 100?
85
Calculate the remainder when 828 is divided by 412.
4
What is the remainder when 4679 is divided by 12?
11
Calculate the remainder when 1833 is divided by 908.
17
Calculate the remainder when 1038 is divided by 20.
18
Calculate the remainder when 63 is divided by 56.
7
What is the remainder when 3175 is divided by 37?
30
What is the remainder when 894 is divided by 43?
34
Calculate the remainder when 833 is divided by 21.
14
Calculate the remainder when 152 is divided by 75.
2
Calculate the remainder when 98 is divided by 26.
20
Calculate the remainder when 70 is divided by 16.
6
What is the remainder when 500 is divided by 171?
158
Calculate the remainder when 250 is divided by 36.
34
What is the remainder when 130 is divided by 37?
19
What is the remainder when 779 is divided by 17?
14
Calculate the remainder when 2986 is divided by 18.
16
What is the remainder when 1398 is divided by 88?
78
Calculate the remainder when 142 is divided by 16.
14
What is the remainder when 832 is divided by 11?
7
Calculate the remainder when 297 is divided by 57.
12
Calculate the remainder when 4056 is divided by 81.
6
Calculate the remainder when 28 is divided by 9.
1
Calculate the remainder when 223 is divided by 80.
63
Calculate the remainder when 1110 is divided by 1104.
6
What is the remainder when 314 is divided by 279?
35
What is the remainder when 485 is divided by 74?
41
What is the remainder when 367 is divided by 50?
17
What is the remainder when 2085 is divided by 107?
52
What is the remainder when 6150 is divided by 34?
30
What is the remainder when 7421 is divided by 79?
74
What is the remainder when 91 is divided by 13?
0
What is the remainder when 50 is divided by 27?
23
Calculate the remainder when 846 is divided by 574.
272
What is the remainder when 223 is divided by 58?
49
Calculate the remainder when 318 is divided by 40.
38
Calculate the remainder when 902 is divided by 277.
71
Calculate the remainder when 882 is divided by 27.
18
What is the remainder when 1418 is divided by 120?
98
Calculate the remainder when 1780 is divided by 13.
12
What is the remainder when 2495 is divided by 17?
13
Calculate the remainder when 20 is divided by 4.
0
What is the remainder when 1597 is divided by 369?
121
What is the remainder when 65 is divided by 33?
32
Calculate the remainder when 52 is divided by 46.
6
What is the remainder when 60787 is divided by 364?
363
Calculate the remainder when 1255 is divided by 56.
23
Calculate the remainder when 373 is divided by 16.
5
What is the remainder when 228 is divided by 101?
26
Calculate the remainder when 258 is divided by 88.
82
Calculate the remainder when 53 is divided by 14.
11
Calculate the remainder when 470 is divided by 53.
46
Calculate the remainder when 113 is divided by 44.
25
What is the remainder when 439 is divided by 55?
54
What is the remainder when 689 is divided by 15?
14
What is the remainder when 1542 is divided by 306?
12
Calculate the remainder when 2339 is divided by 261.
251
Calculate the remainder when 13994 is divided by 80.
74
What is the remainder when 677 is divided by 34?
31
What is the remainder when 166 is divided by 46?
28
Calculate the remainder when 50592 is divided by 91.
87
Calculate the remainder when 3803 is divided by 27.
23
Calculate the remainder when 5803 is divided by 26.
5
What is the remainder when 29 is divided by 19?
10
Calculate the remainder when 398 is divided by 50.
48
What is the remainder when 12373 is divided by 33?
31
Calculate the remainder when 140 is divided by 52.
36
What is the remainder when 196 is divided by 51?
43
What is the remainder when 95 is divided by 21?
11
What is the remainder when 1909 is divided by 383?
377
Calculate the remainder when 250 is divided by 59.
14
What is the remainder when 585 is divided by 228?
129
Calculate the remainder when 59 is divided by 19.
2
Calculate the remainder when 3683 is divided by 11.
9
What is the remainder when 1183 is divided by 294?
7
What is the remainder when 11073 is divided by 7?
6
Calculate the remainder when 368 is divided by 48.
32
What is the remainder when 62 is divided by 35?
27
Calculate the remainder when 412 is divided by 18.
16
What is the remainder when 228 is divided by 216?
12
What is the remainder when 782 is divided by 155?
7
What is the remainder when 5849 is divided by 28?
25
What is the remainder when 761 is divided by 39?
20
Calculate the remainder when 4210 is divided by 68.
62
What is the remainder when 120 is divided by 93?
27
Calculate the remainder when 934 is divided by 42.
10
What is the remainder when 2506 is divided by 31?
26
Calculate the remainder when 34 is divided by 3.
1
Calculate the remainder when 1951 is divided by 4.
3
Calculate the remainder when 96 is divided by 44.
8
Calculate the remainder when 213 is divided by 62.
27
Calculate the remainder when 1013 is divided by 34.
27
What is the remainder when 509 is divided by 74?
65
What is the remainder when 1386 is divided by 173?
2
Calculate the remainder when 196 is divided by 60.
16
What is the remainder when 39 is divided by 1?
0
Calculate the remainder when 4632 is divided by 113.
112
Calculate the remainder when 1198 is divided by 2.
0
Calculate the remainder when 775 is divided by 269.
237
What is the remainder when 133 is divided by 35?
28
Calculate the remainder when 95 is divided by 31.
2
Calculate the remainder when 53 is divided by 10.
3
What is the remainder when 123 is divided by 16?
11
What is the remainder when 3174 is divided by 8?
6
What is the remainder when 473 is divided by 7?
4
Calculate the remainder when 666 is divided by 15.
6
What is the remainder when 340 is divided by 24?
4
Calculate the remainder when 1065 is divided by 12.
9
What is the remainder when 1853 is divided by 168?
5
What is the remainder when 867 is divided by 28?
27
Calculate the remainder when 38 is divided by 23.
15
Calculate the remainder when 1931 is divided by 44.
39
What is the remainder when 2972 is divided by 119?
116
Calculate the remainder when 5013 is divided by 76.
73
What is the remainder when 89 is divided by 26?
11
Calculate the remainder when 2352 is divided by 157.
154
What is the remainder when 272 is divided by 10?
2
Calculate the remainder when 386 is divided by 129.
128
Calculate the remainder when 4655 is divided by 773.
17
What is the remainder when 519 is divided by 99?
24
What is the remainder when 85 is divided by 24?
13
Calculate the remainder when 2015 is divided by 42.
41
Calculate the remainder when 344 is divided by 306.
38
W